 t(u) = 169*u**2 + u + 1. Let y be t(-1). Let a = 4 + -1. Suppose 259 = 5*w - 3*s, -4*w = -a*s - 40 - y. List the prime factors of w.
2, 5
Suppose 6547 + 3038 = 5*l + z, 5*l - 9595 = z. What are the prime factors of l?
2, 7, 137
Suppose 55*x - 49*x - 6924 = 0. What are the prime factors of x?
2, 577
Let s(g) = -27*g - 17. Let r be s(-8). Suppose 0 = -2*l - 10, -6*p - l = -2*p - r. List the prime factors of p.
3, 17
Suppose 3*l + 1293 = j + l, 0 = -4*l - 4. What are the prime factors of j?
1291
Let t(z) = 5*z - 5. Let h(x) = x**3 + 3. Let k be h(0). Suppose -3*n + 12 = 2*y, -k*n + 5*y + 3 = -5*n. List the prime factors of t(n).
5
What are the prime factors of (-27 + 4)/((-95)/45 - -2)?
3, 23
Let m = -13 + 19. Suppose 0 = 3*o - m*o + 15. Suppose 0*i + o*i = 185. What are the prime factors of i?
37
Let d be ((-288)/42)/((-2)/7). Let m be (-1)/3 + (-34)/(-3). Suppose q - d = m. What are the prime factors of q?
5, 7
Suppose -2*b + 2*q + 3406 = 0, 0*b - 6830 = -4*b - 5*q. What are the prime factors of b?
5, 11, 31
Let w(t) = -t**2 + 8*t - 8. Let u be w(6). Suppose 7*k = 2*k - 25, u*k = 5*a. What are the prime factors of a/6 + 322/42?
7
Suppose -24*k + 1786 = -1070. What are the prime factors of k?
7, 17
Let i(c) be the third derivative of -c**4/24 + 3*c**2. Let x be i(8). What are the prime factors of 2/x - (-50)/8?
2, 3
List the prime factors of 547 + -4 + (2 - -1 - -2).
2, 137
Let p(k) = 4*k**2 - 5*k + 3 - 3 + 2. Let r(t) = -4*t + 35. Let z be r(8). What are the prime factors of p(z)?
23
Let k = 11 + -17. List the prime factors of (9/k)/(2/(-92)).
3, 23
Let g(x) = -2*x**2 + 8*x - 5. Let q(o) = 5*o**2 - 17*o + 11. Let b(t) = -7*g(t) - 3*q(t). Let s be b(-7). What are the prime factors of 18/s*-2*6?
2, 3
What are the prime factors of (456/8)/(-19) - (-1346 + 1)?
2, 11, 61
Let x = -41 + 43. Suppose u - 140 = -x*u - p, 2*u + p - 95 = 0. List the prime factors of u.
3, 5
Suppose 0 = -3*x + 5*p + 3198, -5*x + 5296 = 31*p - 28*p. What are the prime factors of x?
1061
Suppose 10*i - 416 = 1774. List the prime factors of i*2*4/12.
2, 73
Let z(h) = -h**3 + 5*h**2 + 2. Let b be z(5). Let u(n) = -n**2 + 14*n - 11. Let i be u(13). List the prime factors of (b + i - 15)*-1.
11
Let d be 1/5 + 894/30. Let p be d*1/((-3)/(-11)). Let y = p - 78. List the prime factors of y.
2
Suppose 4*a - 2*o = 242, 5*a - 7*o - 295 = -2*o. Let r = a - -10. List the prime factors of r.
2, 3
Let y = -26 + 28. Suppose -4*n + 2*u - u = -739, 0 = y*n - u - 369. List the prime factors of 6/(-24) + n/4.
2, 23
Let w(r) = -154*r - 27. List the prime factors of w(-8).
5, 241
Let y(a) = a**3 + 2*a**2 - 5*a + 15. What are the prime factors of y(6)?
3, 7, 13
Let o be (-4)/(-10) - 133/(-5). Let x(u) = -u**3 + 17*u**2 - 12. Let t be x(17). Let i = o + t. List the prime factors of i.
3, 5
Let d(p) = 2*p - 4. Let j be d(3). Let c be -1 + j - -4*2. Let q = -5 + c. What are the prime factors of q?
2
Let t(h) = h**2 - 2*h + 9. Let c be t(13). Suppose 7*w - 2 = c. List the prime factors of w.
2, 11
Suppose -985 = -6*w + 1061. List the prime factors of w.
11, 31
Suppose 38 = l - 18. Let i = l - 45. What are the prime factors of i?
11
Let y = -6 - -12. Suppose -10 = -y*f + f, 1596 = 4*i + 4*f. Suppose -5*j + h = -i, -3*h = -2*h + 2. What are the prime factors of j?
79
Suppose 3*m = -15 + 9. Let g(x) = -2*x + 6. What are the prime factors of g(m)?
2, 5
Let w = 12 + -8. Suppose w*o + 2*q = 130, -o = 2*o - 3*q - 75. Let n = o - 21. What are the prime factors of n?
3
Suppose -31*q - 2*s = -28*q - 10508, -3*s = 3*q - 10512. List the prime factors of q.
2, 5, 7
Let n(p) = 3*p**3 - 41*p**2 - 11*p - 4. Let s be n(14). Let i = -8 + s. What are the prime factors of i?
2, 3, 5
Suppose 0 = -0*z + 7*z. Suppose -3 = -r - z. Suppose 0 = -r*s - 10 + 130. What are the prime factors of s?
2, 5
Let v(h) = -h**2 + 17*h - 13. Let c be v(-9). Let q = -148 - c. List the prime factors of q.
3, 11
Let c(w) = -64*w - 46. List the prime factors of c(-11).
2, 7, 47
Let a be (-44)/33*(-9)/2. Suppose 2*l + l = a. List the prime factors of 1*(-1 + l)*8.
2
Suppose -g + 289 = 2*g + 2*h, -4*g - h + 377 = 0. What are the prime factors of g?
3, 31
Suppose r + 18 = -m + 5*m, 4*m - 8 = -4*r. Suppose y = 4*j - 341, j + m*y - 101 = -20. What are the prime factors of j?
5, 17
What are the prime factors of (2 - 268/12)/((-1)/3)?
61
Let f(p) = -4*p**2 - 18*p + 5. Let w(h) = 5*h**2 + 18*h - 5. Let z(g) = 4*f(g) + 3*w(g). Let u be z(-13). Let l = u + -48. What are the prime factors of l?
2, 11
Let a be (36/14)/(9/84). Let s = -42 + a. List the prime factors of (2 - (-5)/(-2))*s.
3
Let y(b) = -2*b - 10. Let z be y(-6). Suppose z*n + 3*n = -2*h - 6, 10 = h - 4*n. Suppose 0 = h*g - g - 15. List the prime factors of g.
3, 5
Let a(f) = -f**2 - 13*f - 19. Let x be a(-9). List the prime factors of 1*70*17/x.
2, 5, 7
Suppose 2*z = -2, 403 = 3*f - 2*f + 2*z. List the prime factors of f.
3, 5
Suppose -14 = 3*h - 8. List the prime factors of 1/(h - 308/(-152)).
2, 19
Suppose 2*b - 1053 = 2351. What are the prime factors of b?
2, 23, 37
Suppose -24*v = -v - 8050. List the prime factors of v.
2, 5, 7
Let r(f) = 14*f - 11. Let t = -5 + 10. List the prime factors of r(t).
59
Suppose 8*r = 3*r + 10. Let g(t) = -t**2 - t. Let j(n) = -5*n**2 + 5*n + 2. Let u(b) = -6*g(b) - j(b). What are the prime factors of u(r)?
2, 11
Let q(o) = 20*o**2 - 3*o - 6. Let k(r) = 41*r**2 - 6*r - 10. Let c(m) = 3*k(m) - 5*q(m). List the prime factors of c(-3).
2, 3
What are the prime factors of 252 - (-4 - 1 - -6)*-1?
11, 23
Let o(w) = 6 + 3 - 16*w + 3*w. Let g be o(4). Let f = 86 + g. List the prime factors of f.
43
Suppose 2*z + 2583 = -5*z. Let u be 4/6 - 4/(-12). What are the prime factors of z/(-27) + u/3?
2, 7
Let p = -16 - -5. Let o(b) = -13*b**2 - b + 17. Let q(u) = 7*u**2 - 9. Let z(v) = p*q(v) - 6*o(v). What are the prime factors of z(-7)?
2
Suppose -5*m + 2*o + 2146 = 6*o, 434 = m + 2*o. List the prime factors of m.
2, 3, 71
Let p = -1987 - -3928. List the prime factors of p.
3, 647
Suppose 2*x + v - 605 = 0, -x = -3*x - 4*v + 614. What are the prime factors of x?
7, 43
Let b be -12 + 120 - 0/2. Suppose 0 = -2*a + 3 - 11, 0 = -4*f + a + b. Let r = f + -5. What are the prime factors of r?
3, 7
Let a(o) = -2*o**3 - o**2 + 2*o + 120. Let f(n) = n**2 - 10*n - 11. Let u be f(-1). What are the prime factors of a(u)?
2, 3, 5
Let c be (866/(-8) + -2)*(-13 + 5). Suppose -7*y + 28 + c = 0. List the prime factors of y.
2, 5, 13
Suppose 4*q - 5*h - 1842 = 0, 6*q = 2*q - 4*h + 1824. List the prime factors of q.
2, 229
Let h be ((-1)/(-3))/(1/9). Suppose 4*r - 3*y = 135 + 2, -175 = -5*r + h*y. What are the prime factors of r?
2, 19
Suppose 0 = -3*n - 4*c - 16, 6*n - 2*c - 8 = n. What are the prime factors of ((-22)/(-33))/(2/411 + n)?
137
Let x(a) = -20*a + 185. List the prime factors of x(-14).
3, 5, 31
Suppose 0 = 9*p - 13*p + 116. Suppose 0 = 3*b + j - 0*j - 28, -4*b + 42 = -j. Let r = p - b. List the prime factors of r.
19
Let y(x) = 9*x - 5. Let t = -14 - -11. Let p(i) = -8*i + 6. Let z(g) = t*y(g) - 4*p(g). What are the prime factors of z(9)?
2, 3
Suppose -18 = -3*q - 60. Let t be 2/q + (-4530)/(-105). Suppose -2*n + 23 + t = 0. What are the prime factors of n?
3, 11
Suppose 3*i = -2*k - 2*i - 2, 3*i - 14 = -5*k. Suppose 150 = k*n + n. List the prime factors of n.
2, 3, 5
Let y be (-15)/((-36)/10 + 3). Suppose -22*m + y*m = 459. What are the prime factors of m?
3, 17
Suppose 4 = 2*b + 3*p, 4*p + 12 = -b - p. Suppose b*q - 518 = 546. What are the prime factors of q?
7, 19
Let v = -5 + 8. Suppose -7*m - 30 = v*k - 3*m, -2*m = 4*k + 50. Let a = k + 18. List the prime factors of a.
2
Suppose 7*v - 3*v = 5*f - 18, -3*v = f + 4. Let n be (f - (4 + -2))*-1. Suppose 2*y - 5*k = -2*y + 63, 3*k - 15 = n. What are the prime factors of y?
2, 11
List the prime factors of (1/1)/1*(6 + 317).
17, 19
Let y be 6 + 10/(-5) + 63. Let b = -18 + y. Suppose -g + 0*t + 4*t = -b, 95 = 2*g - 5*t. What are the prime factors of g?
3, 5
Let u = 11 + -73. Let h(r) = -94*r**3 - 1. Let t be h(-1). Let x = u + t. What are the prime factors of x?
31
Suppose 19*q + 18925 = 66045. What are the prime factors of q?
2, 5, 31
Let x(t) = 5*t - 2. Let d = 18 + -13. Suppose d*w - 16 - 4 = 0. List the prime factors of x(